mmon divisor of k and 258.
6
Suppose 0*p - 3*p + 78 = 0. Let y be (-1)/(-14) + (-2182)/(-28). Calculate the highest common divisor of y and p.
26
Let a be (-8)/(-6)*(-18)/(-4). Suppose -q - a = -3*q. Suppose 0 = -4*y + 3*y + q. What is the highest common divisor of 27 and y?
3
Let t(s) = 2*s**2 + 4*s + 5. Let r be t(-4). Let w = 7 - -17. Suppose -c = -1 - 1, 2*c = 4*l - w. What is the highest common factor of r and l?
7
Let f(v) = v**2 + 6*v - 9. Let d be f(-7). Let x = 4 + d. Let y(k) = -19*k**3 - 3*k**2 - 5*k - 3. Let q be y(-1). What is the highest common factor of x and q?
2
Suppose 8*s = -1033 + 1281. What is the highest common factor of s and 1271?
31
Let m = -6 - -56. Let f = m + -15. What is the greatest common factor of f and 14?
7
Let l be (-5830)/(-275)*(20/(-2))/(-2). Suppose -3*q - 2*r = -2*q - 66, r = -4. Let u = l - q. What is the greatest common divisor of 4 and u?
4
Let t = -118 - -294. What is the highest common divisor of t and 80?
16
Let y(w) = 3*w**2 + 0*w + 3*w + 7 + 3*w. Let m be y(5). Suppose -11*z = -6*z - 70. What is the greatest common factor of z and m?
14
Suppose 0 = c + 4 - 5, -r = -2*c - 141. Suppose 0 = -5*y + 4*y + 13. Calculate the highest common factor of y and r.
13
Suppose -5*j = 3*u - 0*u + 18, 12 = -3*u - 3*j. Let n be 4/(-10) - (-2748)/20. Let i = u + n. What is the greatest common divisor of 17 and i?
17
Suppose 2*d = 6*d - 4*m - 40, 0 = d + 4*m - 25. Suppose 5*c + 3*t - 8*t = 145, d = c + 3*t. What is the greatest common divisor of c and 10?
5
Suppose 0 = 24*a - 746 - 358. Calculate the greatest common divisor of a and 23.
23
Let g = 27 - 5. Let i = 36 - g. Calculate the highest common factor of 7 and i.
7
Let q = 1962 - 1938. Calculate the highest common divisor of q and 2388.
12
Suppose -450 + 1305 = 19*o. What is the greatest common factor of 120 and o?
15
Let o be 4/(-4 + (-120)/(-28)). Suppose 437 = 5*y - 123. What is the highest common divisor of y and o?
14
Let q = 17 - 10. Let u(x) = 36*x - 67. Let y be u(13). Suppose -6*o + 61 + y = 0. Calculate the greatest common divisor of q and o.
7
Suppose i + 855 = 945. What is the greatest common factor of 306 and i?
18
Suppose 98*p = 104*p - 132. What is the highest common divisor of p and 77?
11
Let f(i) = 5*i**2 + i + 2. Let v be f(2). Suppose 5*a - 1994 + 234 = 0. Suppose 21 + 43 = k - 4*j, a = 5*k - 4*j. What is the highest common factor of k and v?
24
Let v be (-3700)/(-22) + -3*4/66. What is the highest common factor of 36 and v?
12
Let c be 27/(-63) + (-24)/(-7). Suppose -5*f + y = -5, c*y = -2*f + 5*y + 2. Let g be (-10)/((-4 + 3)*f). What is the highest common factor of 4 and g?
2
Let r be 17 + -15 + -1*1. Suppose 4*z + 2*j - r - 129 = 0, 3*j = -5*z + 161. Calculate the highest common factor of z and 17.
17
Let n be (-2696)/(-72) - -2 - 4/9. What is the greatest common factor of 1131 and n?
39
Let q(x) = x**3 + 4*x**2 + 4*x + 4. Let b be q(-3). Let z = b - -32. Suppose -11 = 2*v - z. What is the greatest common factor of v and 55?
11
Let n(y) be the third derivative of -y**6/120 + y**5/6 + 9*y**4/8 - 8*y**3/3 + 17*y**2. Let l be n(12). Calculate the greatest common factor of l and 20.
20
Suppose -3 - 32 = x. Let i be (-45)/(-2)*(-28)/x. Calculate the highest common factor of 144 and i.
18
Let y = 336 - 320. What is the highest common divisor of y and 7?
1
Let h = 15 - 12. Let x be -3*(44/(-12) + h). Suppose 0 = -x*d + 55 - 15. What is the highest common factor of d and 8?
4
Let y be (5 - (12 - 4)) + (1 - -24). Calculate the highest common factor of 143 and y.
11
Suppose -7*x - 2*x + 144 = 0. Suppose -o + 9 = 2*o. Suppose b = -h + 4*b - 7, -o*b + 9 = 0. Calculate the highest common divisor of h and x.
2
Let u be (-80)/6 - -1*(-10)/15. Let m be u/70 - 812/(-10). What is the highest common factor of m and 27?
27
Suppose 6*t + 560 = 11*t. Suppose -5*k + 3*k = -t. Calculate the highest common factor of 8 and k.
8
Let p be (-48)/28*714/(-4). Suppose -9*b + p = -3*b. Calculate the greatest common divisor of 153 and b.
51
Let g = 38 + 4. Calculate the greatest common factor of g and 3.
3
Let l = 5 - -11. Suppose 0*a - 4 = a + 5*m, 3*m + l = -4*a. Let h = -1 - a. What is the highest common factor of 12 and h?
3
Let x(k) = -8*k**3 - k**2 + 2. Let i be x(-1). Suppose 0 = 3*t - i, -j = -5*t - 10 - 73. Calculate the highest common divisor of 245 and j.
49
Suppose -165 = -3*a - 15. Let u(v) = -3*v + 15. Let o be u(4). Suppose o*h - 29 = 1. What is the greatest common factor of a and h?
10
Let k be 184/44 + 13 - 2/11. Suppose 2*m - 279 = -3*f - 14, f = 4*m + 65. What is the highest common factor of f and k?
17
Suppose t = f + 5*t - 4, 2 = -f + 2*t. Suppose 0 = v + 3*k - 72, -k + f*k - 172 = -2*v. Calculate the highest common divisor of 12 and v.
12
Suppose 22 + 122 = 3*c. Let v = 6 + -4. Suppose 5 = v*n - 7. What is the highest common factor of n and c?
6
Let v = 27 - 28. Let h be 12/(-10)*v*(-1 - -11). Calculate the highest common divisor of h and 4.
4
Let j be (-18)/(-3)*(-6)/(-4). What is the greatest common factor of j and 225?
9
Suppose -4*z - 2*p = -364, -2*z = -0*p - 4*p - 182. Let a = z - 79. What is the greatest common divisor of 18 and a?
6
Let k(b) be the first derivative of 7*b**3/3 + b + 11. Let n be k(1). Calculate the highest common factor of n and 24.
8
Suppose 6*q - q = 5*t + 275, 5*q - 280 = 4*t. Let j(a) = 2*a**2 + 2*a. Let i be j(3). Calculate the highest common factor of q and i.
12
Suppose -7*i = -x - 2*i - 5, -2*x - 2*i = 58. Let w = 41 + x. Let k(r) = 3*r**3 - 3*r**2 - 2*r. Let s be k(3). Calculate the greatest common factor of w and s.
16
Let s be (-7)/(-7) + 32/6*12. Let k(o) = 27*o**2 - 1. Let w be k(-1). What is the highest common divisor of w and s?
13
Let q = 6 + -3. Let h(u) = 3*u**2 + 4*u - 3. Let w be h(q). Let s be -3*((-1 - -1) + (-48)/16). Calculate the highest common factor of s and w.
9
Let j = -4 - -6. Let c = 5307 - 5303. What is the greatest common factor of j and c?
2
Suppose 5*p = 2 + 8. Suppose -h = -2*h + p. Let n be (h - -14 - -1) + 3. Calculate the highest common divisor of 5 and n.
5
Suppose -3*o + 4*o - 4 = 0, 4*o - 16 = 3*h. Suppose 0 = -m - h*m - 3*p + 178, 2*m - p - 384 = 0. What is the highest common factor of 76 and m?
38
Suppose 0*c = -2*c + 24. Suppose 0 = 5*j - j - 508. Let n = j - 79. What is the greatest common factor of n and c?
12
Let f(t) = 21*t**2 - 26*t + 129. Let m be f(6). Calculate the highest common factor of m and 45.
9
Suppose p + p - 56 = 0. Let g(s) = -s**3 - s**2 + 2*s + 70. Let v be -5 + 15*(-2)/(-6). Let u be g(v). What is the highest common factor of p and u?
14
Suppose 0*y + 3*y = 54. Let n be 0 + -4 - (-2)/2. Let v be (-6 - -4) + (-141)/n. Calculate the highest common factor of y and v.
9
Let t = -293 - -309. What is the greatest common divisor of 32 and t?
16
Let y = 1408 - 1390. Let c(s) = s**3 - 3*s**2 - 4*s - 6. Let w be c(7). Calculate the highest common divisor of y and w.
18
Let l be (2 - 5)*12/(-9). Let g(a) = -1 - a - 4 + 6 + l*a**2 - 4. Let k be g(3). What is the greatest common factor of k and 6?
6
Let i = -175 - -85. Let z = i - -168. Calculate the highest common divisor of 52 and z.
26
Let i(c) = -12 + 5 + 7 - 4*c. Let l be i(-5). Calculate the highest common divisor of l and 30.
10
Let z = 426 + -413. Calculate the greatest common divisor of z and 273.
13
Suppose o + c = -0*o + 313, 0 = 2*c - 10. What is the highest common divisor of 132 and o?
44
Suppose -5*p = -p + 48. Let t = p - -15. Suppose 4*l - b - 124 = -t*b, -3*l + 98 = 4*b. What is the highest common divisor of 12 and l?
6
Let k(p) = -7*p - 15. Let v be k(-6). Calculate the greatest common factor of v and 81.
27
Suppose -86*t = -85*t - 48. What is the highest common factor of 6 and t?
6
Suppose 6*q = 2*q + 12. Suppose 48 = z + q*z. Calculate the highest common factor of 16 and z.
4
Let i = 132 + -98. Suppose 0 = 7*x - 3*x - v - i, -42 = -4*x + 5*v. Calculate the greatest common divisor of x and 1.
1
Suppose -9*u + 3*u + 102 = 0. What is the greatest common factor of 85 and u?
17
Suppose -43*s + 778 - 262 = 0. Let d(j) = -235*j**2 - j. Let f be d(-1). Let z = 342 + f. What is the greatest common divisor of s and z?
12
Let j(l) = -40*l - 629. Let p be j(-17). Suppose i = 4*i - 9. What is the highest commo